{"id":29237,"date":"2024-09-16T00:04:20","date_gmt":"2024-09-15T22:04:20","guid":{"rendered":"https:\/\/froiz.es\/recetas\/pasta-con-brocoli-amendoas-e-limon\/"},"modified":"2022-02-02T17:48:20","modified_gmt":"2022-02-02T16:48:20","slug":"pasta-con-brocoli-amendoas-e-limon","status":"publish","type":"recetas","link":"https:\/\/froiz.es\/gl\/receitas\/pasta-con-brocoli-amendoas-e-limon\/","title":{"rendered":"Pasta con br\u00f3coli, am\u00e9ndoas e lim\u00f3n"},"featured_media":26699,"template":"","etiquetas_recetas":[],"category_receta":[180],"class_list":["post-29237","recetas","type-recetas","status-publish","has-post-thumbnail","hentry","category_receta-pastas-e-arroz"],"acf":[],"publishpress_future_workflow_manual_trigger":{"enabledWorkflows":[]},"_links":{"self":[{"href":"https:\/\/froiz.es\/gl\/wp-json\/wp\/v2\/recetas\/29237","targetHints":{"allow":["GET"]}}],"collection":[{"href":"https:\/\/froiz.es\/gl\/wp-json\/wp\/v2\/recetas"}],"about":[{"href":"https:\/\/froiz.es\/gl\/wp-json\/wp\/v2\/types\/recetas"}],"wp:featuredmedia":[{"embeddable":true,"href":"https:\/\/froiz.es\/gl\/wp-json\/wp\/v2\/media\/26699"}],"wp:attachment":[{"href":"https:\/\/froiz.es\/gl\/wp-json\/wp\/v2\/media?parent=29237"}],"wp:term":[{"taxonomy":"etiquetas_recetas","embeddable":true,"href":"https:\/\/froiz.es\/gl\/wp-json\/wp\/v2\/etiquetas_recetas?post=29237"},{"taxonomy":"category_receta","embeddable":true,"href":"https:\/\/froiz.es\/gl\/wp-json\/wp\/v2\/category_receta?post=29237"}],"curies":[{"name":"wp","href":"https:\/\/api.w.org\/{rel}","templated":true}]}}

Pasta con brócoli, améndoas e limón
