{"id":27127,"date":"2023-06-13T18:05:52","date_gmt":"2023-06-13T16:05:52","guid":{"rendered":"https:\/\/froiz.devhub.es\/canal-de-denuncias\/"},"modified":"2025-05-26T14:03:36","modified_gmt":"2025-05-26T12:03:36","slug":"canal-de-denuncias","status":"publish","type":"page","link":"https:\/\/froiz.es\/gl\/canal-de-denuncias\/","title":{"rendered":"Canle de Denuncias"},"content":{"rendered":"\t\t<div data-elementor-type=\"wp-page\" data-elementor-id=\"27127\" class=\"elementor elementor-27127 elementor-24927\" data-elementor-post-type=\"page\">\n\t\t\t\t\t\t<section class=\"elementor-section elementor-top-section elementor-element elementor-element-9b231ed elementor-section-boxed elementor-section-height-default elementor-section-height-default\" data-id=\"9b231ed\" data-element_type=\"section\">\n\t\t\t\t\t\t<div class=\"elementor-container elementor-column-gap-default\">\n\t\t\t\t\t<div class=\"elementor-column elementor-col-100 elementor-top-column elementor-element elementor-element-640044d\" data-id=\"640044d\" data-element_type=\"column\">\n\t\t\t<div class=\"elementor-widget-wrap elementor-element-populated\">\n\t\t\t\t\t<div class=\"elementor-background-overlay\"><\/div>\n\t\t\t\t\t\t<div class=\"elementor-element elementor-element-7966530 elementor-widget elementor-widget-heading\" data-id=\"7966530\" data-element_type=\"widget\" data-widget_type=\"heading.default\">\n\t\t\t\t<div class=\"elementor-widget-container\">\n\t\t\t\t\t<h1 class=\"elementor-heading-title elementor-size-default\">Cumprimento normativo<\/h1>\t\t\t\t<\/div>\n\t\t\t\t<\/div>\n\t\t\t\t<div class=\"elementor-element elementor-element-7b0c4a7 elementor-hidden-desktop elementor-hidden-tablet elementor-hidden-mobile elementor-widget-divider--view-line elementor-widget elementor-widget-divider\" data-id=\"7b0c4a7\" data-element_type=\"widget\" data-widget_type=\"divider.default\">\n\t\t\t\t<div class=\"elementor-widget-container\">\n\t\t\t\t\t\t\t<div class=\"elementor-divider\">\n\t\t\t<span class=\"elementor-divider-separator\">\n\t\t\t\t\t\t<\/span>\n\t\t<\/div>\n\t\t\t\t\t\t<\/div>\n\t\t\t\t<\/div>\n\t\t\t\t<div class=\"elementor-element elementor-element-41a529f elementor-widget elementor-widget-heading\" data-id=\"41a529f\" data-element_type=\"widget\" data-widget_type=\"heading.default\">\n\t\t\t\t<div class=\"elementor-widget-container\">\n\t\t\t\t\t<h2 class=\"elementor-heading-title elementor-size-default\">O noso c\u00f3digo \u00e9tico <\/h2>\t\t\t\t<\/div>\n\t\t\t\t<\/div>\n\t\t\t\t<div class=\"elementor-element elementor-element-9a0dc0f elementor-widget elementor-widget-text-editor\" data-id=\"9a0dc0f\" data-element_type=\"widget\" data-widget_type=\"text-editor.default\">\n\t\t\t\t<div class=\"elementor-widget-container\">\n\t\t\t\t\t\t\t\t\t<p>Este documento \u00e9 unha manifestaci\u00f3n expresa dos <strong>criterios de conduta, principios, valores e normas<\/strong> que han de orientar a actuaci\u00f3n de todas as persoas traballadoras das empresas e entidades que conforman o <strong>GRUPO FROIZ<\/strong>, para o desenvolvemento responsable da s\u00faa actividade, tanto nas s\u00faas relaci\u00f3ns con outros traballadores\/as, como con clientes, subministradores, administraci\u00f3ns p\u00fablicas, colaboradores externos e coa sociedade en xeral.<br \/>Por tanto, o C\u00f3digo agrupa unha serie de normas que se inspiran na cultura e na pol\u00edtica do Grupo e que son de obrigado co\u00f1ecemento, aplicaci\u00f3n e cumprimento, con independencia da \u00e1rea de actividade ou a li\u00f1a de negocio de cada persoa traballadora e pretende fomentar un comportamento \u00e9tico e responsable das entidades que forman o Grupo e de todos os seus traballadores\/as, previndo calquera comportamento delituoso, il\u00edcito ou contrario \u00e1s leis ou aos est\u00e1ndares \u00e9ticos do Grupo.<\/p>\n<p>Consulta o texto completo: <a href=\"https:\/\/froiz.es\/wp-content\/uploads\/2025\/05\/codigo_etico_espana.pdf\">C\u00f3digo \u00c9tico Espa\u00f1a<\/a> e <a href=\"https:\/\/froiz.es\/wp-content\/uploads\/2025\/05\/codigo_etico_portugal.pdf\">C\u00f3digo \u00c9tico Portugal.<\/a> <\/p>\n\t\t\t\t\t\t\t\t<\/div>\n\t\t\t\t<\/div>\n\t\t\t\t<div class=\"elementor-element elementor-element-481c4e0 elementor-widget elementor-widget-heading\" data-id=\"481c4e0\" data-element_type=\"widget\" data-widget_type=\"heading.default\">\n\t\t\t\t<div class=\"elementor-widget-container\">\n\t\t\t\t\t<h2 class=\"elementor-heading-title elementor-size-default\">Canle de denuncias<\/h2>\t\t\t\t<\/div>\n\t\t\t\t<\/div>\n\t\t\t\t<div class=\"elementor-element elementor-element-0748222 elementor-widget elementor-widget-text-editor\" data-id=\"0748222\" data-element_type=\"widget\" data-widget_type=\"text-editor.default\">\n\t\t\t\t<div class=\"elementor-widget-container\">\n\t\t\t\t\t\t\t\t\t<p>\u00c9 unha ferramenta de comunicaci\u00f3n confidencial que o Grupo Froiz pon ao dispor das persoas traballadoras e terceiros, para informar sobre infracci\u00f3ns ou incumprimentos potencialmente irregulares, observados nun contexto laboral ou profesional, e que poidan supo\u00f1er un incumprimento do C\u00f3digo de Conduta, implicar a comisi\u00f3n dun delito ou dunha infracci\u00f3n administrativa grave ou moi grave, inclu\u00edndo aquelas materias reguladas polo dereito da Uni\u00f3n Europea.<br \/>A canle de denuncias non \u00e9 unha ferramenta para achegar suxesti\u00f3ns, propostas ou outro tipo de consideraci\u00f3ns, te\u00f1a en conta que para outro tipo de solicitudes ou petici\u00f3ns (p. ex., queixas, reclamaci\u00f3ns de produto, portal de emprego, protecci\u00f3n de datos,&#8230;) ten \u00e1 s\u00faa disposici\u00f3n o noso correo electr\u00f3nico: <strong>atencioncliente@froiz.es<\/strong>, o noso Formulario de Queixas e reclamaci\u00f3ns: <a href=\"https:\/\/www.froiz.com\/shop\/reclamacion\/index.php\" target=\"_blank\" rel=\"noopener\">https:\/\/www.froiz.com\/shop\/reclamacion\/index.php<\/a> e\/o o noso tel\u00e9fono de atenci\u00f3n ao cliente (<strong>986833030<\/strong>).<br \/>Ped\u00edmoslle que utilice esta Canle de Denuncias de forma consciente e responsable, evitando un uso abusivo e de mala fe. Por iso, \u00e9 importante que s\u00f3 transmita aquela informaci\u00f3n que razoablemente sexa veraz. <\/p>\n\t\t\t\t\t\t\t\t<\/div>\n\t\t\t\t<\/div>\n\t\t\t\t<div class=\"elementor-element elementor-element-6995371 e-transform elementor-view-default elementor-position-top elementor-mobile-position-top elementor-widget elementor-widget-icon-box\" data-id=\"6995371\" data-element_type=\"widget\" data-settings=\"{&quot;_transform_scale_effect_hover&quot;:{&quot;unit&quot;:&quot;px&quot;,&quot;size&quot;:1.05,&quot;sizes&quot;:[]},&quot;_transform_scale_effect_hover_tablet&quot;:{&quot;unit&quot;:&quot;px&quot;,&quot;size&quot;:&quot;&quot;,&quot;sizes&quot;:[]},&quot;_transform_scale_effect_hover_mobile&quot;:{&quot;unit&quot;:&quot;px&quot;,&quot;size&quot;:&quot;&quot;,&quot;sizes&quot;:[]}}\" data-widget_type=\"icon-box.default\">\n\t\t\t\t<div class=\"elementor-widget-container\">\n\t\t\t\t\t\t\t<div class=\"elementor-icon-box-wrapper\">\n\n\t\t\t\t\t\t<div class=\"elementor-icon-box-icon\">\n\t\t\t\t<a href=\"https:\/\/froiz.integrityline.com\/\" target=\"_blank\" class=\"elementor-icon\" tabindex=\"-1\" aria-label=\"Acceder \u00e1 Canle de Denuncias\" rel=\"noopener\">\n\t\t\t\t<i aria-hidden=\"true\" class=\"fas fa-check-circle\"><\/i>\t\t\t\t<\/a>\n\t\t\t<\/div>\n\t\t\t\n\t\t\t\t\t\t<div class=\"elementor-icon-box-content\">\n\n\t\t\t\t\t\t\t\t\t<p class=\"elementor-icon-box-title\">\n\t\t\t\t\t\t<a href=\"https:\/\/froiz.integrityline.com\/\" target=\"_blank\" rel=\"noopener\">\n\t\t\t\t\t\t\tAcceder \u00e1 Canle de Denuncias\t\t\t\t\t\t<\/a>\n\t\t\t\t\t<\/p>\n\t\t\t\t\n\t\t\t\t\n\t\t\t<\/div>\n\t\t\t\n\t\t<\/div>\n\t\t\t\t\t\t<\/div>\n\t\t\t\t<\/div>\n\t\t\t\t\t<\/div>\n\t\t<\/div>\n\t\t\t\t\t<\/div>\n\t\t<\/section>\n\t\t\t\t<\/div>\n\t\t","protected":false},"excerpt":{"rendered":"<p>Cumprimento normativo O noso c\u00f3digo \u00e9tico Este documento \u00e9 unha manifestaci\u00f3n expresa dos criterios de conduta, principios, valores e normas que han de orientar a actuaci\u00f3n de todas as persoas traballadoras das empresas e entidades que conforman o GRUPO FROIZ, para o desenvolvemento responsable da s\u00faa actividade, tanto nas s\u00faas relaci\u00f3ns con outros traballadores\/as, como [&hellip;]<\/p>\n","protected":false},"author":1,"featured_media":0,"parent":0,"menu_order":0,"comment_status":"closed","ping_status":"closed","template":"","meta":{"_acf_changed":false,"footnotes":""},"class_list":["post-27127","page","type-page","status-publish","hentry"],"acf":[],"publishpress_future_workflow_manual_trigger":{"enabledWorkflows":[]},"_links":{"self":[{"href":"https:\/\/froiz.es\/gl\/wp-json\/wp\/v2\/pages\/27127","targetHints":{"allow":["GET"]}}],"collection":[{"href":"https:\/\/froiz.es\/gl\/wp-json\/wp\/v2\/pages"}],"about":[{"href":"https:\/\/froiz.es\/gl\/wp-json\/wp\/v2\/types\/page"}],"author":[{"embeddable":true,"href":"https:\/\/froiz.es\/gl\/wp-json\/wp\/v2\/users\/1"}],"replies":[{"embeddable":true,"href":"https:\/\/froiz.es\/gl\/wp-json\/wp\/v2\/comments?post=27127"}],"version-history":[{"count":41,"href":"https:\/\/froiz.es\/gl\/wp-json\/wp\/v2\/pages\/27127\/revisions"}],"predecessor-version":[{"id":38108,"href":"https:\/\/froiz.es\/gl\/wp-json\/wp\/v2\/pages\/27127\/revisions\/38108"}],"wp:attachment":[{"href":"https:\/\/froiz.es\/gl\/wp-json\/wp\/v2\/media?parent=27127"}],"curies":[{"name":"wp","href":"https:\/\/api.w.org\/{rel}","templated":true}]}}

<div data-elementor-type="wp-page" data-elementor-id="27127" class="elementor elementor-27127 elementor-24927" data-elementor-post-type="page">
						<section class="elementor-section elementor-top-section elementor-element elementor-element-9b231ed elementor-section-boxed elementor-section-height-default elementor-section-height-default" data-id="9b231ed" data-element_type="section">
						<div class="elementor-container elementor-column-gap-default">
					<div class="elementor-column elementor-col-100 elementor-top-column elementor-element elementor-element-640044d" data-id="640044d" data-element_type="column">
			<div class="elementor-widget-wrap elementor-element-populated">
					<div class="elementor-background-overlay"></div>
						<div class="elementor-element elementor-element-7966530 elementor-widget elementor-widget-heading" data-id="7966530" data-element_type="widget" data-widget_type="heading.default">
				<div class="elementor-widget-container">
					<h1 class="elementor-heading-title elementor-size-default">Cumprimento normativo</h1>				</div>
				</div>
				<div class="elementor-element elementor-element-7b0c4a7 elementor-hidden-desktop elementor-hidden-tablet elementor-hidden-mobile elementor-widget-divider--view-line elementor-widget elementor-widget-divider" data-id="7b0c4a7" data-element_type="widget" data-widget_type="divider.default">
				<div class="elementor-widget-container">
							<div class="elementor-divider">
			<span class="elementor-divider-separator">
						</span>
		</div>
						</div>
				</div>
				<div class="elementor-element elementor-element-41a529f elementor-widget elementor-widget-heading" data-id="41a529f" data-element_type="widget" data-widget_type="heading.default">
				<div class="elementor-widget-container">
					<h2 class="elementor-heading-title elementor-size-default">O noso código ético </h2>				</div>
				</div>
				<div class="elementor-element elementor-element-9a0dc0f elementor-widget elementor-widget-text-editor" data-id="9a0dc0f" data-element_type="widget" data-widget_type="text-editor.default">
				<div class="elementor-widget-container">
									<p>Este documento é unha manifestación expresa dos <strong>criterios de conduta, principios, valores e normas</strong> que han de orientar a actuación de todas as persoas traballadoras das empresas e entidades que conforman o <strong>GRUPO FROIZ</strong>, para o desenvolvemento responsable da súa actividade, tanto nas súas relacións con outros traballadores/as, como con clientes, subministradores, administracións públicas, colaboradores externos e coa sociedade en xeral.<br />Por tanto, o Código agrupa unha serie de normas que se inspiran na cultura e na política do Grupo e que son de obrigado coñecemento, aplicación e cumprimento, con independencia da área de actividade ou a liña de negocio de cada persoa traballadora e pretende fomentar un comportamento ético e responsable das entidades que forman o Grupo e de todos os seus traballadores/as, previndo calquera comportamento delituoso, ilícito ou contrario ás leis ou aos estándares éticos do Grupo.</p>
<p>Consulta o texto completo: <a href="https://froiz.es/wp-content/uploads/2025/05/codigo_etico_espana.pdf">Código Ético España</a> e <a href="https://froiz.es/wp-content/uploads/2025/05/codigo_etico_portugal.pdf">Código Ético Portugal.</a> </p>
								</div>
				</div>
				<div class="elementor-element elementor-element-481c4e0 elementor-widget elementor-widget-heading" data-id="481c4e0" data-element_type="widget" data-widget_type="heading.default">
				<div class="elementor-widget-container">
					<h2 class="elementor-heading-title elementor-size-default">Canle de denuncias</h2>				</div>
				</div>
				<div class="elementor-element elementor-element-0748222 elementor-widget elementor-widget-text-editor" data-id="0748222" data-element_type="widget" data-widget_type="text-editor.default">
				<div class="elementor-widget-container">
									<p>É unha ferramenta de comunicación confidencial que o Grupo Froiz pon ao dispor das persoas traballadoras e terceiros, para informar sobre infraccións ou incumprimentos potencialmente irregulares, observados nun contexto laboral ou profesional, e que poidan supoñer un incumprimento do Código de Conduta, implicar a comisión dun delito ou dunha infracción administrativa grave ou moi grave, incluíndo aquelas materias reguladas polo dereito da Unión Europea.<br />A canle de denuncias non é unha ferramenta para achegar suxestións, propostas ou outro tipo de consideracións, teña en conta que para outro tipo de solicitudes ou peticións (p. ex., queixas, reclamacións de produto, portal de emprego, protección de datos,&#8230;) ten á súa disposición o noso correo electrónico: <strong>atencioncliente@froiz.es</strong>, o noso Formulario de Queixas e reclamacións: <a href="https://www.froiz.com/shop/reclamacion/index.php" target="_blank" rel="noopener">https://www.froiz.com/shop/reclamacion/index.php</a> e/o o noso teléfono de atención ao cliente (<strong>986833030</strong>).<br />Pedímoslle que utilice esta Canle de Denuncias de forma consciente e responsable, evitando un uso abusivo e de mala fe. Por iso, é importante que só transmita aquela información que razoablemente sexa veraz. </p>
								</div>
				</div>
				<div class="elementor-element elementor-element-6995371 e-transform elementor-view-default elementor-position-top elementor-mobile-position-top elementor-widget elementor-widget-icon-box" data-id="6995371" data-element_type="widget" data-settings="{&quot;_transform_scale_effect_hover&quot;:{&quot;unit&quot;:&quot;px&quot;,&quot;size&quot;:1.05,&quot;sizes&quot;:[]},&quot;_transform_scale_effect_hover_tablet&quot;:{&quot;unit&quot;:&quot;px&quot;,&quot;size&quot;:&quot;&quot;,&quot;sizes&quot;:[]},&quot;_transform_scale_effect_hover_mobile&quot;:{&quot;unit&quot;:&quot;px&quot;,&quot;size&quot;:&quot;&quot;,&quot;sizes&quot;:[]}}" data-widget_type="icon-box.default">
				<div class="elementor-widget-container">
							<div class="elementor-icon-box-wrapper">

						<div class="elementor-icon-box-icon">
				<a href="https://froiz.integrityline.com/" target="_blank" class="elementor-icon" tabindex="-1" aria-label="Acceder á Canle de Denuncias" rel="noopener">
				<i aria-hidden="true" class="fas fa-check-circle"></i>				</a>
			</div>
			
						<div class="elementor-icon-box-content">

									<p class="elementor-icon-box-title">
						<a href="https://froiz.integrityline.com/" target="_blank" rel="noopener">
							Acceder á Canle de Denuncias						</a>
					</p>
				
				
			</div>
			
		</div>
						</div>
				</div>
					</div>
		</div>
					</div>
		</section>
				</div>

<p>Cumprimento normativo O noso código ético Este documento é unha manifestación expresa dos criterios de conduta, principios, valores e normas que han de orientar a actuación de todas as persoas traballadoras das empresas e entidades que conforman o GRUPO FROIZ, para o desenvolvemento responsable da súa actividade, tanto nas súas relacións con outros traballadores/as, como [&hellip;]</p>
